der when 67149 is divided by 170.
169
What is the remainder when 78246 is divided by 326?
6
Calculate the remainder when 47997 is divided by 25.
22
What is the remainder when 288073 is divided by 260?
253
Calculate the remainder when 1480 is divided by 686.
108
What is the remainder when 193981 is divided by 8?
5
What is the remainder when 100414 is divided by 8?
6
Calculate the remainder when 270 is divided by 46.
40
What is the remainder when 14559 is divided by 7268?
23
What is the remainder when 27417 is divided by 13684?
49
What is the remainder when 43852 is divided by 7306?
16
Calculate the remainder when 509 is divided by 38.
15
What is the remainder when 6409 is divided by 6393?
16
What is the remainder when 77644 is divided by 25877?
13
Calculate the remainder when 3814 is divided by 3783.
31
What is the remainder when 9776 is divided by 193?
126
What is the remainder when 119846 is divided by 150?
146
Calculate the remainder when 399302 is divided by 23488.
6
What is the remainder when 191916 is divided by 7107?
27
What is the remainder when 51556 is divided by 1467?
211
Calculate the remainder when 352349 is divided by 88.
85
What is the remainder when 15481 is divided by 231?
4
Calculate the remainder when 2773 is divided by 688.
21
What is the remainder when 11830 is divided by 13?
0
What is the remainder when 57928 is divided by 28957?
14
What is the remainder when 45667 is divided by 3805?
7
What is the remainder when 206705 is divided by 41340?
5
What is the remainder when 4229 is divided by 472?
453
What is the remainder when 337797 is divided by 12?
9
Calculate the remainder when 89195 is divided by 38.
9
What is the remainder when 401423 is divided by 5817?
50
What is the remainder when 14692 is divided by 115?
87
What is the remainder when 372329 is divided by 270?
269
What is the remainder when 6218 is divided by 347?
319
Calculate the remainder when 575 is divided by 428.
147
Calculate the remainder when 2322 is divided by 1914.
408
What is the remainder when 23459 is divided by 1954?
11
Calculate the remainder when 22195 is divided by 1478.
25
Calculate the remainder when 12120 is divided by 296.
280
Calculate the remainder when 253918 is divided by 46.
44
Calculate the remainder when 63374 is divided by 195.
194
Calculate the remainder when 515973 is divided by 542.
531
What is the remainder when 34001 is divided by 16881?
239
Calculate the remainder when 14172 is divided by 29.
20
What is the remainder when 4811 is divided by 15?
11
Calculate the remainder when 499 is divided by 99.
4
Calculate the remainder when 1731 is divided by 359.
295
What is the remainder when 2750 is divided by 173?
155
Calculate the remainder when 54688 is divided by 12.
4
Calculate the remainder when 86111 is divided by 23.
22
Calculate the remainder when 4965 is divided by 551.
6
Calculate the remainder when 3835 is divided by 935.
95
What is the remainder when 978 is divided by 193?
13
Calculate the remainder when 6357 is divided by 2106.
39
What is the remainder when 602 is divided by 224?
154
What is the remainder when 266600 is divided by 139?
137
What is the remainder when 9802 is divided by 200?
2
What is the remainder when 75384 is divided by 81?
54
What is the remainder when 67147 is divided by 67131?
16
What is the remainder when 6519 is divided by 19?
2
What is the remainder when 2047 is divided by 2029?
18
Calculate the remainder when 6197 is divided by 159.
155
What is the remainder when 11040 is divided by 324?
24
Calculate the remainder when 288985 is divided by 717.
34
What is the remainder when 21239 is divided by 708?
707
Calculate the remainder when 137567 is divided by 256.
95
Calculate the remainder when 184018 is divided by 207.
202
Calculate the remainder when 1483668 is divided by 741833.
2
Calculate the remainder when 97563 is divided by 48781.
1
What is the remainder when 930977 is divided by 743?
741
Calculate the remainder when 61420 is divided by 32.
12
Calculate the remainder when 9554 is divided by 434.
6
Calculate the remainder when 20217 is divided by 2245.
12
Calculate the remainder when 129520 is divided by 4625.
20
Calculate the remainder when 11150 is divided by 300.
50
Calculate the remainder when 22673 is divided by 56.
49
What is the remainder when 5457 is divided by 1694?
375
Calculate the remainder when 1761 is divided by 481.
318
What is the remainder when 6155 is divided by 1203?
140
Calculate the remainder when 3039550 is divided by 3.
1
What is the remainder when 3306130 is divided by 23?
18
Calculate the remainder when 47721 is divided by 628.
621
What is the remainder when 739 is divided by 95?
74
Calculate the remainder when 15424 is divided by 7703.
18
Calculate the remainder when 637766 is divided by 27.
26
Calculate the remainder when 152080 is divided by 126.
124
What is the remainder when 581 is divided by 556?
25
Calculate the remainder when 4866 is divided by 55.
26
Calculate the remainder when 17507 is divided by 30.
17
What is the remainder when 4247639 is divided by 184?
183
What is the remainder when 1006160 is divided by 19?
15
What is the remainder when 1669 is divided by 1618?
51
What is the remainder when 93686 is divided by 98?
96
Calculate the remainder when 278569 is divided by 14.
11
What is the remainder when 54977 is divided by 77?
76
What is the remainder when 528 is divided by 254?
20
What is the remainder when 276446 is divided by 57?
53
Calculate the remainder when 49632 is divided by 72.
24
Calculate the remainder when 3209 is divided by 197.
57
What is the remainder when 199788 is divided by 4?
0
Calculate the remainder when 2430778 is divided by 508.
506
What is the remainder when 5471 is divided by 366?
347
Calculate the remainder when 67281 is divided by 126.
123
What is the remainder when 24595 is divided by 7438?
2281
Calculate the remainder when 115424 is divided by 717.
704
What is the remainder when 19534 is divided by 50?
34
Calculate the remainder when 329535 is divided by 414.
405
Calculate the remainder when 41025 is divided by 596.
497
Calculate the remainder when 4438 is divided by 1928.
582
Calculate the remainder when 16957 is divided by 1276.
369
What is the remainder when 39773 is divided by 359?
283
What is the remainder when 382678 is divided by 72?
70
Calculate the remainder when 32705 is divided by 2180.
5
Calculate the remainder when 43200 is divided by 300.
0
What is the remainder when 7664396 is divided by 14?
12
What is the remainder when 619245 is divided by 168?
165
What is the remainder when 27222 is divided by 3885?
27
Calculate the remainder when 521158 is divided by 199.
176
What is the remainder when 47305 is divided by 179?
49
Calculate the remainder when 1553 is divided by 327.
245
What is the remainder when 27242 is divided by 278?
276
Calculate the remainder when 293927 is divided by 313.
20
What is the remainder when 7515 is divided by 854?
683
Calculate the remainder when 30294 is divided by 3028.
14
Calculate the remainder when 58852 is divided by 12.
4
What is the remainder when 140184 is divided by 220?
44
What is the remainder when 16644 is divided by 184?
84
Calculate the remainder when 111413 is divided by 37137.
2
What is the remainder when 2865 is divided by 544?
145
What is the remainder when 213641 is divided by 1107?
1097
Calculate the remainder when 216098 is divided by 205.
28
Calculate the remainder when 1972 is divided by 965.
42
Calculate the remainder when 5162 is divided by 110.
102
What is the remainder when 2780 is divided by 90?
80
Calculate the remainder when 3570 is divided by 1751.
68
What is the remainder when 9823 is divided by 42?
37
What is the remainder when 189366 is divided by 13?
8
What is the remainder when 138447 is divided by 1117?
1056
Calculate the remainder when 10437 is divided by 1737.
15
What is the remainder when 9616 is divided by 9523?
93
Calculate the remainder when 373876 is divided by 46734.
4
What is the remainder when 16359 is divided by 186?
177
What is the remainder when 1186649 is divided by 141?
134
What is the remainder when 42504 is divided by 21?
0
Calculate the remainder when 138697 is divided by 510.
487
Calculate the remainder when 158970 is divided by 64.
58
Calcul